{"id":139,"date":"2022-07-19T02:45:59","date_gmt":"2022-07-19T02:45:59","guid":{"rendered":"https:\/\/amealco.gob.mx\/portal\/?page_id=139"},"modified":"2026-03-25T10:27:37","modified_gmt":"2026-03-25T16:27:37","slug":"jubilaciones-y-pensiones","status":"publish","type":"page","link":"https:\/\/amealco.gob.mx\/portal\/jubilaciones-y-pensiones\/","title":{"rendered":"Jubilaciones y pensiones"},"content":{"rendered":"\n<p><\/p>\n\n\n\n<p><\/p>\n\n\n\n<figure class=\"wp-block-table is-style-stripes\"><table><tbody><tr><td class=\"has-text-align-center\" data-align=\"center\"><strong>No.<\/strong><\/td><td class=\"has-text-align-center\" data-align=\"center\"><strong>Nombre<\/strong><\/td><td><strong>Fecha de Publicaci\u00f3n<\/strong><\/td><td><strong>Archivo<\/strong><\/td><\/tr><tr><td class=\"has-text-align-center\" data-align=\"center\">1<\/td><td class=\"has-text-align-center\" data-align=\"center\">Rita Mart\u00ednez Miranda<\/td><td>01\/12\/2021<\/td><td><a rel=\"noreferrer noopener\" href=\"http:\/\/www.amealco.gob.mx\/transparencia\/httpdocs\/PDF\/dictamenes%20jubilados\/RITA%20MARTINEZ%20MIRANDA.pdf\" target=\"_blank\">Ver<\/a><\/td><\/tr><tr><td class=\"has-text-align-center\" data-align=\"center\">2<\/td><td class=\"has-text-align-center\" data-align=\"center\">M\u00f3nica Aguilar Andr\u00e9s<\/td><td>28\/01\/2022<\/td><td><a href=\"https:\/\/www.amealco.gob.mx\/transparencia\/httpdocs\/PDF\/dictamenes%20jubilados\/JUBILACION_MONICA_AGUILAR_ANDRES.pdf\" target=\"_blank\" rel=\"noreferrer noopener\">Ver<\/a><\/td><\/tr><tr><td class=\"has-text-align-center\" data-align=\"center\">3<\/td><td class=\"has-text-align-center\" data-align=\"center\">Antonio Anastasio Pablo<\/td><td>16\/03\/2022<\/td><td><a href=\"http:\/\/www.amealco.gob.mx\/transparencia\/httpdocs\/PDF\/dictamenes%20jubilados\/PROYECTO%20DE%20DICTAMEN%20ANTONIO%20ANASTASIO%20PABLO.pdf\" target=\"_blank\" rel=\"noreferrer noopener\">Ver<\/a><\/td><\/tr><tr><td class=\"has-text-align-center\" data-align=\"center\">4<\/td><td class=\"has-text-align-center\" data-align=\"center\">Eloisa Garc\u00eda Sanabria<\/td><td>16\/03\/2022<\/td><td><a href=\"http:\/\/www.amealco.gob.mx\/transparencia\/httpdocs\/PDF\/dictamenes%20jubilados\/PROYECTO%20DE%20DICTAMEN%20ELOISA%20GARCIA%20SANABRIA.pdf\" target=\"_blank\" rel=\"noreferrer noopener\">Ver<\/a><\/td><\/tr><tr><td class=\"has-text-align-center\" data-align=\"center\">5<\/td><td class=\"has-text-align-center\" data-align=\"center\">Jos\u00e9 Luis Cajiga Rodr\u00edguez<\/td><td>18\/03\/2022<\/td><td><a href=\"http:\/\/www.amealco.gob.mx\/transparencia\/httpdocs\/PDF\/dictamenes%20jubilados\/PROYECTO%20DE%20DICTAMEN%20JOSE%20LUIS%20CAJIGA%20RODRIGUEZ.pdf\" target=\"_blank\" rel=\"noreferrer noopener\">Ver<\/a><\/td><\/tr><tr><td class=\"has-text-align-center\" data-align=\"center\">6<\/td><td class=\"has-text-align-center\" data-align=\"center\">Roc\u00edo Flores Ch\u00e1vez<\/td><td>25\/03\/2022<\/td><td><a href=\"http:\/\/www.amealco.gob.mx\/transparencia\/httpdocs\/PDF\/dictamenes%20jubilados\/PROYECTO%20DE%20DICTAMEN%20ROCIO%20FLORES%20CHAVEZ.pdf\" target=\"_blank\" rel=\"noreferrer noopener\">Ver<\/a><\/td><\/tr><tr><td class=\"has-text-align-center\" data-align=\"center\">7<\/td><td class=\"has-text-align-center\" data-align=\"center\">Faustino Morales Montoya<\/td><td>02\/06\/2022<\/td><td><a href=\"http:\/\/www.amealco.gob.mx\/transparencia\/httpdocs\/PDF\/dictamenes%20jubilados\/PROYECTO%20DE%20DICTAMEN%20FAUSTINO%20MORALES%20MONTOYA.pdf\" target=\"_blank\" rel=\"noreferrer noopener\">Ver<\/a><\/td><\/tr><tr><td class=\"has-text-align-center\" data-align=\"center\">8<\/td><td class=\"has-text-align-center\" data-align=\"center\">Domingo Gonz\u00e1lez Rodr\u00edguez<\/td><td>10\/09\/2022<\/td><td><a href=\"https:\/\/www.amealco.gob.mx\/transparencia\/httpdocs\/PDF\/dictamenes%20jubilados\/PROYECTO%20DE%20DICTAMEN%20DOMINGO%20GLEZ.pdf\">Ver<\/a><\/td><\/tr><tr><td class=\"has-text-align-center\" data-align=\"center\">9<\/td><td class=\"has-text-align-center\" data-align=\"center\">Luis Montoya Garc\u00eda<\/td><td>10\/09\/2022<\/td><td><a href=\"https:\/\/www.amealco.gob.mx\/transparencia\/httpdocs\/PDF\/dictamenes%20jubilados\/LUIS%20MONTOYA%20PROYECTO%20DE%20DICTAMEN.pdf\" target=\"_blank\" rel=\"noreferrer noopener\">Ver<\/a><\/td><\/tr><tr><td class=\"has-text-align-center\" data-align=\"center\">10<\/td><td class=\"has-text-align-center\" data-align=\"center\">Jos\u00e9 Juan Fuertes Toledo<\/td><td>28\/12\/2022<\/td><td><a href=\"https:\/\/amealco.gob.mx\/transparencia\/httpdocs\/PDF\/dictamenes%20jubilados\/JOSE%20JUAN%20FUERTES%20TOLEDO.pdf\" target=\"_blank\" rel=\"noreferrer noopener\">Ver<\/a><\/td><\/tr><tr><td class=\"has-text-align-center\" data-align=\"center\">11<\/td><td class=\"has-text-align-center\" data-align=\"center\">Teresa Mondrag\u00f3n Real<\/td><td>31\/12\/2022<\/td><td><a href=\"https:\/\/www.amealco.gob.mx\/transparencia\/httpdocs\/PDF\/dictamenes%20jubilados\/TERESA_MONDRAGON_REAL.pdf\" target=\"_blank\" rel=\"noreferrer noopener\">Ver<\/a><\/td><\/tr><tr><td class=\"has-text-align-center\" data-align=\"center\">12<\/td><td class=\"has-text-align-center\" data-align=\"center\">Bel\u00e9n Argueta Bola\u00f1os<\/td><td>08\/02\/2023<\/td><td><a href=\"https:\/\/www.amealco.gob.mx\/transparencia\/httpdocs\/PDF\/dictamenes%20jubilados\/PROYECTO_DE_DICTAMEN_LUCIO_TREJO_BELEN.pdf\" target=\"_blank\" rel=\"noreferrer noopener\">Ver<\/a><\/td><\/tr><tr><td class=\"has-text-align-center\" data-align=\"center\">13<\/td><td class=\"has-text-align-center\" data-align=\"center\">Ma. Teresa Cabello Ch\u00e1vez<\/td><td>22\/04\/2023 <\/td><td><a href=\"https:\/\/www.amealco.gob.mx\/transparencia\/httpdocs\/PDF\/dictamenes%20jubilados\/PROYECTO_DE_DICTAMEN_MA_TERESA_CABELLO.pdf\" target=\"_blank\" rel=\"noreferrer noopener\">Ver<\/a><\/td><\/tr><tr><td class=\"has-text-align-center\" data-align=\"center\">14<\/td><td class=\"has-text-align-center\" data-align=\"center\">   Ma Ema Gracia Miranda Carapia<\/td><td>29\/05\/2023<\/td><td><a href=\"https:\/\/amealco.gob.mx\/transparencia\/httpdocs\/PDF\/dictamenes%20jubilados\/PROYECTO_DE_DICTAMEN_MA_EMA_GRACIA_MIRANDA_CARAPIA.pdf\" target=\"_blank\" rel=\"noreferrer noopener\">Ver<\/a><\/td><\/tr><tr><td class=\"has-text-align-center\" data-align=\"center\">15<\/td><td class=\"has-text-align-center\" data-align=\"center\">Merced Flores Mar\u00edn<\/td><td>21\/08\/2023<\/td><td><a href=\"https:\/\/amealco.gob.mx\/transparencia\/httpdocs\/PDF\/dictamenes%20jubilados\/2_PROYECTO_DE_DICTAMEN_MERCED_FLORES_MARIN.pdf\" target=\"_blank\" rel=\"noreferrer noopener\">Ver<\/a><\/td><\/tr><tr><td class=\"has-text-align-center\" data-align=\"center\">16<\/td><td class=\"has-text-align-center\" data-align=\"center\">Ram\u00f3n Cobi\u00e1n Quintana<\/td><td>23\/08\/2023<\/td><td><a href=\"https:\/\/amealco.gob.mx\/transparencia\/httpdocs\/PDF\/dictamenes%20jubilados\/2_PROYECTO_DE_DICTAMEN_RAMON_COBIAN_QUINTANA.pdf\" target=\"_blank\" rel=\"noreferrer noopener\">Ver<\/a><\/td><\/tr><tr><td class=\"has-text-align-center\" data-align=\"center\">17<\/td><td class=\"has-text-align-center\" data-align=\"center\">Epifanio Torres Ram\u00edrez<\/td><td>03\/10\/2023<\/td><td><a href=\"https:\/\/amealco.gob.mx\/transparencia\/httpdocs\/PDF\/dictamenes%20jubilados\/2_PROYECTO_DE_DICTAMEN_EPIFANIO_TORRES_RAMIRES.pdf\" target=\"_blank\" rel=\"noreferrer noopener\">Ver<\/a><\/td><\/tr><tr><td class=\"has-text-align-center\" data-align=\"center\">18<\/td><td class=\"has-text-align-center\" data-align=\"center\">Ma. de Lourdes Mercado V\u00e9lez<\/td><td>22\/02\/2024<\/td><td><a href=\"https:\/\/amealco.gob.mx\/transparencia\/httpdocs\/PDF\/dictamenes%20jubilados\/2_PROYECTO_DE_DICTAMEN%20_LULU_MERCADO_VELEZ.pdf\">Ver<\/a><\/td><\/tr><tr><td class=\"has-text-align-center\" data-align=\"center\">19<\/td><td class=\"has-text-align-center\" data-align=\"center\">Leopoldo Correa Lizardi<\/td><td>22\/02\/2024<\/td><td><a href=\"https:\/\/amealco.gob.mx\/transparencia\/httpdocs\/PDF\/dictamenes%20jubilados\/2_PROYECTO_DE_DICTAMEN_LEOPOLDO_CORREA_LIZARDI.pdf\">Ver<\/a><\/td><\/tr><tr><td class=\"has-text-align-center\" data-align=\"center\">20<\/td><td class=\"has-text-align-center\" data-align=\"center\">Roci\u00f3 Reyes C\u00f3rdoba<\/td><td>28\/02\/2024<\/td><td><a href=\"https:\/\/amealco.gob.mx\/transparencia\/httpdocs\/PDF\/dictamenes%20jubilados\/2_PROYECTO_DE_DICTAMEN_ROCIO_REYES_CORDOBA.pdf\">Ver<\/a><\/td><\/tr><tr><td class=\"has-text-align-center\" data-align=\"center\">21<\/td><td class=\"has-text-align-center\" data-align=\"center\">Ma. Teresa Cabello Ch\u00e1vez<\/td><td>06\/03\/2024<\/td><td><a href=\"https:\/\/amealco.gob.mx\/transparencia\/httpdocs\/PDF\/dictamenes%20jubilados\/3_PROYECTO_DE_DICTAMEN_MA_TERESA_CABELLO_CHAVEZ.pdf\">Ver<\/a><\/td><\/tr><tr><td class=\"has-text-align-center\" data-align=\"center\">22<\/td><td class=\"has-text-align-center\" data-align=\"center\">Enrique Dur\u00e1n Rivera<\/td><td>16\/03\/2024<\/td><td><a href=\"https:\/\/amealco.gob.mx\/transparencia\/httpdocs\/PDF\/dictamenes%20jubilados\/2_PROYECTO_DE_DICTAMEN_ENRIQUE_DURAN_RIVERA.pdf\">Ver<\/a><\/td><\/tr><tr><td class=\"has-text-align-center\" data-align=\"center\">23<\/td><td class=\"has-text-align-center\" data-align=\"center\">Salvador Becerra Rodr\u00edguez<\/td><td>26\/03\/2024<\/td><td><a href=\"https:\/\/amealco.gob.mx\/transparencia\/httpdocs\/PDF\/dictamenes%20jubilados\/2024\/2_PROYECTO_DE_DICTAMEN_SALVADOR_BECERRA.pdf\" data-type=\"link\" data-id=\"https:\/\/amealco.gob.mx\/transparencia\/httpdocs\/PDF\/dictamenes%20jubilados\/2024\/2_PROYECTO_DE_DICTAMEN_SALVADOR_BECERRA.pdf\">Ver<\/a><\/td><\/tr><tr><td class=\"has-text-align-center\" data-align=\"center\">24<\/td><td class=\"has-text-align-center\" data-align=\"center\">Mar\u00eda Teresa P\u00e9rez Gonz\u00e1lez<\/td><td>06\/04\/2024<\/td><td><a href=\"https:\/\/amealco.gob.mx\/transparencia\/httpdocs\/PDF\/dictamenes%20jubilados\/2024\/2_PROYECTO_DE_DICTAMEN_MARIA_TERESA_PEREZ_GLEZ.pdf\" data-type=\"link\" data-id=\"https:\/\/amealco.gob.mx\/transparencia\/httpdocs\/PDF\/dictamenes%20jubilados\/2024\/2_PROYECTO_DE_DICTAMEN_MARIA_TERESA_PEREZ_GLEZ.pdf\">Ver<\/a><\/td><\/tr><tr><td class=\"has-text-align-center\" data-align=\"center\">25<\/td><td class=\"has-text-align-center\" data-align=\"center\">Uriel Enrique Cazares S\u00e1nchez.<\/td><td>14\/09\/2024<\/td><td><a href=\"https:\/\/amealco.gob.mx\/transparencia\/httpdocs\/PDF\/dictamenes%20jubilados\/2024\/2_PROYECTO_DE_DICTAMEN_URIEL_E_CAZARES_SANCHEZ.pdf\" data-type=\"link\" data-id=\"https:\/\/amealco.gob.mx\/transparencia\/httpdocs\/PDF\/dictamenes%20jubilados\/2024\/2_PROYECTO_DE_DICTAMEN_URIEL_E_CAZARES_SANCHEZ.pdf\">Ver<\/a><\/td><\/tr><tr><td class=\"has-text-align-center\" data-align=\"center\">26<\/td><td class=\"has-text-align-center\" data-align=\"center\">Leticia Nolasco Montoya<\/td><td>18\/09\/2024<\/td><td><a href=\"https:\/\/amealco.gob.mx\/transparencia\/httpdocs\/PDF\/dictamenes%20jubilados\/2024\/3%20PROYECTO%20DE%20DICTAMEN%20Leticia%20Nolasco.pdf\" data-type=\"link\" data-id=\"https:\/\/amealco.gob.mx\/transparencia\/httpdocs\/PDF\/dictamenes%20jubilados\/2024\/3%20PROYECTO%20DE%20DICTAMEN%20Leticia%20Nolasco.pdf\">Ver<\/a><\/td><\/tr><tr><td class=\"has-text-align-center\" data-align=\"center\">27<\/td><td class=\"has-text-align-center\" data-align=\"center\">Gustavo Efra\u00edn Mendoza Navarrete<\/td><td>25\/09\/2024<\/td><td><a href=\"https:\/\/amealco.gob.mx\/transparencia\/httpdocs\/PDF\/dictamenes%20jubilados\/2024\/2%20PROYECTO%20DE%20DICTAMEN%20%20GUSTAVO%20E%20MENDOZA.pdf\" data-type=\"link\" data-id=\"https:\/\/amealco.gob.mx\/transparencia\/httpdocs\/PDF\/dictamenes%20jubilados\/2024\/2%20PROYECTO%20DE%20DICTAMEN%20%20GUSTAVO%20E%20MENDOZA.pdf\">Ver<\/a><\/td><\/tr><tr><td class=\"has-text-align-center\" data-align=\"center\">28<\/td><td class=\"has-text-align-center\" data-align=\"center\">Enrique Abedrop Rodr\u00edguez<\/td><td>04\/12\/2024<\/td><td><a href=\"https:\/\/amealco.gob.mx\/transparencia\/httpdocs\/PDF\/dictamenes%20jubilados\/2024\/ENRIQUE_ABEDROP_RODRIGUEZ.pdf\" data-type=\"link\" data-id=\"https:\/\/amealco.gob.mx\/transparencia\/httpdocs\/PDF\/dictamenes%20jubilados\/2024\/ENRIQUE_ABEDROP_RODRIGUEZ.pdf\">Ver<\/a><\/td><\/tr><tr><td class=\"has-text-align-center\" data-align=\"center\">29<\/td><td class=\"has-text-align-center\" data-align=\"center\">Benjam\u00edn Gardu\u00f1o Colin<\/td><td>10\/02\/2025<\/td><td><a href=\"https:\/\/amealco.gob.mx\/transparencia\/httpdocs\/PDF\/dictamenes%20jubilados\/2025\/PUBLICACION_BENJAMIN.pdf\">Ver<\/a><\/td><\/tr><tr><td class=\"has-text-align-center\" data-align=\"center\">30<\/td><td class=\"has-text-align-center\" data-align=\"center\">Gudelia Gachuzo Rodr\u00edguez<\/td><td>24\/02\/2025<\/td><td><a href=\"https:\/\/amealco.gob.mx\/transparencia\/httpdocs\/PDF\/dictamenes%20jubilados\/2025\/PUBLICACION%20gudelia.pdf\">Ver<\/a><\/td><\/tr><tr><td class=\"has-text-align-center\" data-align=\"center\">31<\/td><td class=\"has-text-align-center\" data-align=\"center\">Varela Garc\u00eda Andr\u00e9s<\/td><td>19\/03\/2025<\/td><td><a href=\"https:\/\/amealco.gob.mx\/transparencia\/httpdocs\/PDF\/dictamenes%20jubilados\/2025\/PROYECTO%20DE%20DICTAMEN%20DE%20JUBILACION%20ANDRES%20VARELA%20GARCIA.pdf\">Ver<\/a><\/td><\/tr><tr><td class=\"has-text-align-center\" data-align=\"center\">32<\/td><td class=\"has-text-align-center\" data-align=\"center\">Valente Garc\u00eda Gonz\u00e1lez<\/td><td>16\/04\/2025<\/td><td><a href=\"https:\/\/amealco.gob.mx\/transparencia\/httpdocs\/PDF\/dictamenes%20jubilados\/2025\/DICTAMEN_VALENTE_GARCIA_GONZALEZ.pdf\" data-type=\"link\" data-id=\"https:\/\/amealco.gob.mx\/transparencia\/httpdocs\/PDF\/dictamenes%20jubilados\/2025\/DICTAMEN_VALENTE_GARCIA_GONZALEZ.pdf\">Ver<\/a><\/td><\/tr><tr><td class=\"has-text-align-center\" data-align=\"center\">33<\/td><td class=\"has-text-align-center\" data-align=\"center\">J. Sostenes Correa Camacho<\/td><td>25\/04\/2025<\/td><td><a href=\"https:\/\/amealco.gob.mx\/transparencia\/httpdocs\/PDF\/dictamenes%20jubilados\/2025\/PUBLICACION_SOSTENES.pdf\">Ver<\/a><\/td><\/tr><tr><td class=\"has-text-align-center\" data-align=\"center\">34<\/td><td class=\"has-text-align-center\" data-align=\"center\">Ismael Mondrag\u00f3n Mart\u00ednez<\/td><td>26\/04\/2025<\/td><td><a href=\"https:\/\/amealco.gob.mx\/transparencia\/httpdocs\/PDF\/dictamenes%20jubilados\/2025\/PROYECTO%20DE%20DICTAMEN%20ISMAEL%20MONDRAGON%20MARTINEZ.pdf\">Ver<\/a><\/td><\/tr><tr><td class=\"has-text-align-center\" data-align=\"center\">35<\/td><td class=\"has-text-align-center\" data-align=\"center\">Benito de Jes\u00fas Hern\u00e1ndez<\/td><td>05\/05\/2025<\/td><td><a href=\"https:\/\/amealco.gob.mx\/transparencia\/httpdocs\/PDF\/dictamenes%20jubilados\/2025\/PROYECTO%20DE%20DICTAMEN%20BENITO%20DE%20JESUS%20HERNANDEZ.pdf\">Ver<\/a><\/td><\/tr><tr><td class=\"has-text-align-center\" data-align=\"center\">36<\/td><td class=\"has-text-align-center\" data-align=\"center\">Gregorio Gonz\u00e1lez Gregorio<\/td><td>06\/05\/2025<\/td><td><a href=\"https:\/\/amealco.gob.mx\/transparencia\/httpdocs\/PDF\/dictamenes%20jubilados\/2025\/PROYECTO%20DE%20DICTAMEN%20GREGORIO%20GONZALEZ%20GREGORIO.pdf\">Ver<\/a><\/td><\/tr><tr><td class=\"has-text-align-center\" data-align=\"center\">37<\/td><td class=\"has-text-align-center\" data-align=\"center\">Ma. Guadalupe Rodr\u00edguez Arias<\/td><td>15\/05\/2025<\/td><td><a href=\"https:\/\/amealco.gob.mx\/transparencia\/httpdocs\/PDF\/dictamenes%20jubilados\/2025\/PROYECTO%20DE%20DICTAMEN%20MA%20GUADALUPE%20RODRIGUEZ%20ARIAS.pdf\">Ver<\/a><\/td><\/tr><tr><td class=\"has-text-align-center\" data-align=\"center\">38<\/td><td class=\"has-text-align-center\" data-align=\"center\">Jos\u00e9 Cayetano Victorio Gonz\u00e1lez Morales<\/td><td>16\/06\/2025<\/td><td><a href=\"https:\/\/amealco.gob.mx\/transparencia\/httpdocs\/PDF\/dictamenes%20jubilados\/2025\/PUBLICACION_jose_cayetano.pdf\">Ver<\/a><\/td><\/tr><tr><td class=\"has-text-align-center\" data-align=\"center\">39<\/td><td class=\"has-text-align-center\" data-align=\"center\">Mar\u00eda Elena Hern\u00e1ndez Gardu\u00f1o<\/td><td>21\/07\/2025<\/td><td><a href=\"https:\/\/amealco.gob.mx\/transparencia\/httpdocs\/PDF\/dictamenes%20jubilados\/2025\/PROYECTO%20DE%20DICTAMEN%20MARIA%20ELENA%20HERNANDEZ%20GARDUNO.pdf\">Ver<\/a><\/td><\/tr><tr><td class=\"has-text-align-center\" data-align=\"center\">40<\/td><td class=\"has-text-align-center\" data-align=\"center\">Martin Bola\u00f1os Nava<\/td><td>16\/08\/2025<\/td><td><a href=\"https:\/\/amealco.gob.mx\/transparencia\/httpdocs\/PDF\/dictamenes%20jubilados\/2025\/PUBLICACION%20martin%20nava.pdf\">Ver<\/a><\/td><\/tr><tr><td class=\"has-text-align-center\" data-align=\"center\">41<\/td><td class=\"has-text-align-center\" data-align=\"center\">Felipe Quintana Hern\u00e1ndez<\/td><td>30\/08\/2025<\/td><td><a href=\"https:\/\/amealco.gob.mx\/transparencia\/httpdocs\/PDF\/dictamenes%20jubilados\/2025\/PROYECTO%20DE%20DICTAMEN%20FELIPE%20QUINTA.pdf\">Ver<\/a><\/td><\/tr><tr><td class=\"has-text-align-center\" data-align=\"center\">42<\/td><td class=\"has-text-align-center\" data-align=\"center\">Jos\u00e9 Carmen Olvera Olvera<\/td><td>30\/08\/2025<\/td><td><a href=\"https:\/\/amealco.gob.mx\/transparencia\/httpdocs\/PDF\/dictamenes%20jubilados\/2025\/PROYECTO%20DE%20DICTAMEN%20JOSE%20CARMEN.pdf\">Ver<\/a><\/td><\/tr><tr><td class=\"has-text-align-center\" data-align=\"center\">43<\/td><td class=\"has-text-align-center\" data-align=\"center\">Isaac Sixto Saturnino<\/td><td>30\/08\/2025<\/td><td><a href=\"https:\/\/amealco.gob.mx\/transparencia\/httpdocs\/PDF\/dictamenes%20jubilados\/2025\/PROYECTO%20DE%20DICAMEN%20ISAAC%20SIXTO.pdf\">Ver<\/a><\/td><\/tr><tr><td class=\"has-text-align-center\" data-align=\"center\">44<\/td><td class=\"has-text-align-center\" data-align=\"center\">Francisco Nava Obreg\u00f3n<\/td><td>30\/08\/2025<\/td><td><a href=\"https:\/\/amealco.gob.mx\/transparencia\/httpdocs\/PDF\/dictamenes%20jubilados\/2025\/PROYECTO%20DE%20DICTAMEN%20FRACISCO%20NAVA.pdf\">Ver<\/a><\/td><\/tr><tr><td class=\"has-text-align-center\" data-align=\"center\">45<\/td><td class=\"has-text-align-center\" data-align=\"center\">Roberto Hern\u00e1ndez Mateo<\/td><td>30\/08\/2025<\/td><td><a href=\"https:\/\/amealco.gob.mx\/transparencia\/httpdocs\/PDF\/dictamenes%20jubilados\/2025\/PROYECTO%20DE%20DICTAMEN-ROBERTO%20HERNANDEZ.pdf\">Ver<\/a><\/td><\/tr><tr><td class=\"has-text-align-center\" data-align=\"center\">46<\/td><td class=\"has-text-align-center\" data-align=\"center\">Alejandro Miranda Rodr\u00edguez<\/td><td>09\/10\/2025<\/td><td><a href=\"https:\/\/amealco.gob.mx\/transparencia\/httpdocs\/PDF\/dictamenes%20jubilados\/2025\/PROYECTO%20DE%20DICTAMEN%20ALEJANDRO.pdf\">Ver<\/a><\/td><\/tr><tr><td class=\"has-text-align-center\" data-align=\"center\">47<\/td><td class=\"has-text-align-center\" data-align=\"center\">Romualdo Ortega Ruiz<\/td><td>24\/10\/2025<\/td><td><a href=\"https:\/\/amealco.gob.mx\/transparencia\/httpdocs\/PDF\/dictamenes%20jubilados\/2025\/PROYECTO_DE_DICTAMEN_ROMUALDO_ORTEGA.pdf\">Ver<\/a><\/td><\/tr><tr><td class=\"has-text-align-center\" data-align=\"center\">48<\/td><td class=\"has-text-align-center\" data-align=\"center\">Rosa M\u00e9ndez Ramos<\/td><td>18\/02\/2026<\/td><td><a href=\"https:\/\/amealco.gob.mx\/transparencia\/httpdocs\/PDF\/dictamenes%20jubilados\/2026\/PROYECTO_DE_DICTAMEN_ROSA_MENDEZ.pdf\">Ver<\/a><\/td><\/tr><tr><td class=\"has-text-align-center\" data-align=\"center\">49<\/td><td class=\"has-text-align-center\" data-align=\"center\">Juan Antonio Bartolo<\/td><td>22\/02\/2026<\/td><td><a href=\"https:\/\/amealco.gob.mx\/transparencia\/httpdocs\/PDF\/dictamenes%20jubilados\/2026\/Juan_Antonio_Bartolo.pdf\">Ver<\/a><\/td><\/tr><tr><td class=\"has-text-align-center\" data-align=\"center\">50<\/td><td class=\"has-text-align-center\" data-align=\"center\">Crescencio Metodio Trejo<\/td><td>03\/03\/2026<\/td><td><a href=\"https:\/\/amealco.gob.mx\/transparencia\/httpdocs\/PDF\/dictamenes%20jubilados\/2026\/PROYECTO%20DE%20DICTAMEN%20CRESENCIO%20METODIO.pdf\">Ver<\/a><\/td><\/tr><tr><td class=\"has-text-align-center\" data-align=\"center\">51<\/td><td class=\"has-text-align-center\" data-align=\"center\">Martin \u00c1lvarez Pi\u00f1a<\/td><td>05\/03\/2026<\/td><td><a href=\"https:\/\/amealco.gob.mx\/transparencia\/httpdocs\/PDF\/dictamenes%20jubilados\/2026\/PROYECTO%20DE%20DICTAMEN%20MARTIN%20ALVAREZ.pdf\">Ver<\/a><\/td><\/tr><tr><td class=\"has-text-align-center\" data-align=\"center\">52<\/td><td class=\"has-text-align-center\" data-align=\"center\">Antonio Cruz Pascual<\/td><td>16\/03\/2026<\/td><td><a href=\"https:\/\/amealco.gob.mx\/transparencia\/httpdocs\/PDF\/dictamenes%20jubilados\/2026\/ANTONIO%20CRUZ%20PASCUAL.pdf\">Ver<\/a><\/td><\/tr><tr><td class=\"has-text-align-center\" data-align=\"center\">53<\/td><td class=\"has-text-align-center\" data-align=\"center\">Laura Meliton Castillo<\/td><td>16\/03\/2026<\/td><td><a href=\"https:\/\/amealco.gob.mx\/transparencia\/httpdocs\/PDF\/dictamenes%20jubilados\/2026\/LAURA%20MELITON%20CASTILLO.pdf\">Ver<\/a><\/td><\/tr><tr><td class=\"has-text-align-center\" data-align=\"center\">54<\/td><td class=\"has-text-align-center\" data-align=\"center\">Vicente Ruiz Soto<\/td><td>23\/03\/2026<\/td><td><a href=\"https:\/\/amealco.gob.mx\/transparencia\/httpdocs\/PDF\/dictamenes%20jubilados\/2026\/VICENTE%20RUIZ%20SOTO.pdf\">Ver<\/a><\/td><\/tr><\/tbody><\/table><\/figure>\n\n\n\n<p><\/p>\n\n\n\n<p><\/p>\n","protected":false},"excerpt":{"rendered":"<p>No. Nombre Fecha de Publicaci\u00f3n Archivo 1 Rita Mart\u00ednez Miranda 01\/12\/2021 Ver 2 M\u00f3nica Aguilar Andr\u00e9s 28\/01\/2022 Ver 3 Antonio Anastasio Pablo 16\/03\/2022 Ver 4 Eloisa Garc\u00eda Sanabria 16\/03\/2022 Ver 5 Jos\u00e9 Luis Cajiga Rodr\u00edguez 18\/03\/2022 Ver 6 Roc\u00edo Flores Ch\u00e1vez 25\/03\/2022 Ver 7 Faustino Morales Montoya 02\/06\/2022 Ver 8 Domingo Gonz\u00e1lez Rodr\u00edguez 10\/09\/2022 Ver [&hellip;]<\/p>\n","protected":false},"author":1,"featured_media":0,"parent":0,"menu_order":0,"comment_status":"closed","ping_status":"closed","template":"","meta":{"_lmt_disableupdate":"","_lmt_disable":"","footnotes":""},"class_list":["post-139","page","type-page","status-publish","hentry","clearfix","post-index"],"jetpack_sharing_enabled":true,"_links":{"self":[{"href":"https:\/\/amealco.gob.mx\/portal\/wp-json\/wp\/v2\/pages\/139","targetHints":{"allow":["GET"]}}],"collection":[{"href":"https:\/\/amealco.gob.mx\/portal\/wp-json\/wp\/v2\/pages"}],"about":[{"href":"https:\/\/amealco.gob.mx\/portal\/wp-json\/wp\/v2\/types\/page"}],"author":[{"embeddable":true,"href":"https:\/\/amealco.gob.mx\/portal\/wp-json\/wp\/v2\/users\/1"}],"replies":[{"embeddable":true,"href":"https:\/\/amealco.gob.mx\/portal\/wp-json\/wp\/v2\/comments?post=139"}],"version-history":[{"count":55,"href":"https:\/\/amealco.gob.mx\/portal\/wp-json\/wp\/v2\/pages\/139\/revisions"}],"predecessor-version":[{"id":5398,"href":"https:\/\/amealco.gob.mx\/portal\/wp-json\/wp\/v2\/pages\/139\/revisions\/5398"}],"wp:attachment":[{"href":"https:\/\/amealco.gob.mx\/portal\/wp-json\/wp\/v2\/media?parent=139"}],"curies":[{"name":"wp","href":"https:\/\/api.w.org\/{rel}","templated":true}]}}