{"id":81,"date":"2022-07-19T01:34:58","date_gmt":"2022-07-19T01:34:58","guid":{"rendered":"https:\/\/amealco.gob.mx\/portal\/?page_id=81"},"modified":"2022-07-25T15:23:51","modified_gmt":"2022-07-25T20:23:51","slug":"municipio-transparente","status":"publish","type":"page","link":"https:\/\/amealco.gob.mx\/portal\/municipio-transparente\/","title":{"rendered":"Municipio Transparente"},"content":{"rendered":"\n<p class=\"has-text-align-center\"><strong>LEY GENERAL DE TRANSPARENCIA Y ACCESO A LA INFORMACI\u00d3N P\u00daBLICA<br><\/strong>De las obligaciones de transparencia comunes:<\/p>\n\n\n\n<div class=\"wp-block-columns is-layout-flex wp-container-core-columns-is-layout-1 wp-block-columns-is-layout-flex\">\n<div class=\"wp-block-column is-layout-flow wp-block-column-is-layout-flow\"><div class=\"wp-block-image\">\n<figure class=\"aligncenter size-full\"><a href=\"https:\/\/amealco.gob.mx\/portal\/articulo-66\/\"><img decoding=\"async\" src=\"https:\/\/amealco.gob.mx\/portal\/wp-content\/uploads\/2022\/07\/art66-67.png\" alt=\"\" class=\"wp-image-82\"\/><\/a><\/figure><\/div>\n\n\n<p class=\"has-text-align-center\"><strong>Art\u00edculo 66<\/strong><\/p>\n<\/div>\n\n\n\n<div class=\"wp-block-column is-layout-flow wp-block-column-is-layout-flow\"><div class=\"wp-block-image\">\n<figure class=\"aligncenter size-full\"><a href=\"https:\/\/amealco.gob.mx\/portal\/articulo-67\/\"><img decoding=\"async\" src=\"https:\/\/amealco.gob.mx\/portal\/wp-content\/uploads\/2022\/07\/art66-67.png\" alt=\"\" class=\"wp-image-82\"\/><\/a><\/figure><\/div>\n\n\n<p class=\"has-text-align-center\"><strong>Art\u00edculo 67<\/strong><\/p>\n<\/div>\n<\/div>\n","protected":false},"excerpt":{"rendered":"<p>LEY GENERAL DE TRANSPARENCIA Y ACCESO A LA INFORMACI\u00d3N P\u00daBLICADe las obligaciones de transparencia comunes: Art\u00edculo 66 Art\u00edculo 67<\/p>\n","protected":false},"author":1,"featured_media":0,"parent":0,"menu_order":0,"comment_status":"closed","ping_status":"closed","template":"","meta":{"_lmt_disableupdate":"","_lmt_disable":"","footnotes":""},"class_list":["post-81","page","type-page","status-publish","hentry","clearfix","post-index"],"jetpack_sharing_enabled":true,"_links":{"self":[{"href":"https:\/\/amealco.gob.mx\/portal\/wp-json\/wp\/v2\/pages\/81","targetHints":{"allow":["GET"]}}],"collection":[{"href":"https:\/\/amealco.gob.mx\/portal\/wp-json\/wp\/v2\/pages"}],"about":[{"href":"https:\/\/amealco.gob.mx\/portal\/wp-json\/wp\/v2\/types\/page"}],"author":[{"embeddable":true,"href":"https:\/\/amealco.gob.mx\/portal\/wp-json\/wp\/v2\/users\/1"}],"replies":[{"embeddable":true,"href":"https:\/\/amealco.gob.mx\/portal\/wp-json\/wp\/v2\/comments?post=81"}],"version-history":[{"count":4,"href":"https:\/\/amealco.gob.mx\/portal\/wp-json\/wp\/v2\/pages\/81\/revisions"}],"predecessor-version":[{"id":118,"href":"https:\/\/amealco.gob.mx\/portal\/wp-json\/wp\/v2\/pages\/81\/revisions\/118"}],"wp:attachment":[{"href":"https:\/\/amealco.gob.mx\/portal\/wp-json\/wp\/v2\/media?parent=81"}],"curies":[{"name":"wp","href":"https:\/\/api.w.org\/{rel}","templated":true}]}}